{"id":4181,"date":"2021-11-26T14:31:46","date_gmt":"2021-11-26T14:31:46","guid":{"rendered":"https:\/\/trucks4events.eu\/?post_type=product&#038;p=4181"},"modified":"2021-12-01T15:19:58","modified_gmt":"2021-12-01T15:19:58","slug":"cavalletto-da-pittore","status":"publish","type":"product","link":"https:\/\/trucks4events.eu\/?product=cavalletto-da-pittore","title":{"rendered":"CAVALLETTO DA PITTORE"},"content":{"rendered":"","protected":false},"excerpt":{"rendered":"<p>Cavalletto di grande qualit\u00e0 in legno. Offre eccellente stabilit\u00e0 e pu\u00f2 essere comodamente richiuso in modalit\u00e0 salvaspazio. Disponibile in due dimensioni&nbsp;<\/p>\n<p>Piccolo&nbsp; 66 cm x h 160 cm&nbsp; &nbsp; &nbsp;Dimensioni mensolina poggiatela 56 x 9 cm<\/p>\n<p>Grande&nbsp; 70 cm x h 176 cm&nbsp; &nbsp; &nbsp;Dimensioni mensolina poggiatela 62 x 10 cm<\/p>\n<!-- default-view.php -->\n<div\n\tclass=\"ngg-galleryoverview default-view\n\t\t\"\n\tid=\"ngg-gallery-b39e9c32117a75f58d4089c4d8525934-1\">\n\n\t\t<!-- Thumbnails -->\n\t\t\t\t<div id=\"ngg-image-0\" class=\"ngg-gallery-thumbnail-box\n\t\t\t\t\t\t\t\tngg-6-columns\t\t\t\"\n\t\t\t>\n\t\t\t\t\t\t<div class=\"ngg-gallery-thumbnail\">\n\t\t\t<a href=\"https:\/\/trucks4events.eu\/wp\/wp-content\/gallery\/cavalletto-pittore\/CAVALLETTO-PITTORE.jpg\"\n\t\t\t\ttitle=\"\"\n\t\t\t\tdata-src=\"https:\/\/trucks4events.eu\/wp\/wp-content\/gallery\/cavalletto-pittore\/CAVALLETTO-PITTORE.jpg\"\n\t\t\t\tdata-thumbnail=\"https:\/\/trucks4events.eu\/wp\/wp-content\/gallery\/cavalletto-pittore\/thumbs\/thumbs_CAVALLETTO-PITTORE.jpg\"\n\t\t\t\tdata-image-id=\"420\"\n\t\t\t\tdata-title=\"CAVALLETTO-PITTORE\"\n\t\t\t\tdata-description=\"\"\n\t\t\t\tdata-image-slug=\"cavalletto-pittore\"\n\t\t\t\tclass=\"ngg-simplelightbox\" rel=\"b39e9c32117a75f58d4089c4d8525934\">\n\t\t\t\t<img\n\t\t\t\t\ttitle=\"CAVALLETTO-PITTORE\"\n\t\t\t\t\talt=\"CAVALLETTO-PITTORE\"\n\t\t\t\t\tsrc=\"https:\/\/trucks4events.eu\/wp\/wp-content\/gallery\/cavalletto-pittore\/thumbs\/thumbs_CAVALLETTO-PITTORE.jpg\"\n\t\t\t\t\twidth=\"240\"\n\t\t\t\t\theight=\"160\"\n\t\t\t\t\tstyle=\"max-width:100%;\"\n\t\t\t\t\/>\n\t\t\t<\/a>\n\t\t<\/div>\n\t\t\t\t\t\t\t<\/div>\n\t\t\t\n\t\t\t\t<div id=\"ngg-image-1\" class=\"ngg-gallery-thumbnail-box\n\t\t\t\t\t\t\t\tngg-6-columns\t\t\t\"\n\t\t\t>\n\t\t\t\t\t\t<div class=\"ngg-gallery-thumbnail\">\n\t\t\t<a href=\"https:\/\/trucks4events.eu\/wp\/wp-content\/gallery\/cavalletto-pittore\/CAVALLETTO-PITTORE-GRANDE_.jpg\"\n\t\t\t\ttitle=\"\"\n\t\t\t\tdata-src=\"https:\/\/trucks4events.eu\/wp\/wp-content\/gallery\/cavalletto-pittore\/CAVALLETTO-PITTORE-GRANDE_.jpg\"\n\t\t\t\tdata-thumbnail=\"https:\/\/trucks4events.eu\/wp\/wp-content\/gallery\/cavalletto-pittore\/thumbs\/thumbs_CAVALLETTO-PITTORE-GRANDE_.jpg\"\n\t\t\t\tdata-image-id=\"421\"\n\t\t\t\tdata-title=\"CAVALLETTO-PITTORE-GRANDE_\"\n\t\t\t\tdata-description=\"\"\n\t\t\t\tdata-image-slug=\"cavalletto-pittore-grande_\"\n\t\t\t\tclass=\"ngg-simplelightbox\" rel=\"b39e9c32117a75f58d4089c4d8525934\">\n\t\t\t\t<img\n\t\t\t\t\ttitle=\"CAVALLETTO-PITTORE-GRANDE_\"\n\t\t\t\t\talt=\"CAVALLETTO-PITTORE-GRANDE_\"\n\t\t\t\t\tsrc=\"https:\/\/trucks4events.eu\/wp\/wp-content\/gallery\/cavalletto-pittore\/thumbs\/thumbs_CAVALLETTO-PITTORE-GRANDE_.jpg\"\n\t\t\t\t\twidth=\"240\"\n\t\t\t\t\theight=\"160\"\n\t\t\t\t\tstyle=\"max-width:100%;\"\n\t\t\t\t\/>\n\t\t\t<\/a>\n\t\t<\/div>\n\t\t\t\t\t\t\t<\/div>\n\t\t\t\n\t\n\t<br style=\"clear: both\" \/>\n\n\t\n\t\t<!-- Pagination -->\n\t\t<div class='ngg-clear'><\/div>\t<\/div>\n\n","protected":false},"featured_media":4183,"template":"","meta":{"ngg_post_thumbnail":0},"product_brand":[],"product_cat":[48],"product_tag":[],"class_list":{"0":"post-4181","1":"product","2":"type-product","3":"status-publish","4":"has-post-thumbnail","6":"product_cat-espositori","8":"first","9":"instock","10":"taxable","11":"shipping-taxable","12":"purchasable","13":"product-type-variable"},"lang":"it","translations":{"en":4208,"it":4181},"pll_sync_post":[],"_links":{"self":[{"href":"https:\/\/trucks4events.eu\/index.php?rest_route=\/wp\/v2\/product\/4181","targetHints":{"allow":["GET"]}}],"collection":[{"href":"https:\/\/trucks4events.eu\/index.php?rest_route=\/wp\/v2\/product"}],"about":[{"href":"https:\/\/trucks4events.eu\/index.php?rest_route=\/wp\/v2\/types\/product"}],"wp:featuredmedia":[{"embeddable":true,"href":"https:\/\/trucks4events.eu\/index.php?rest_route=\/wp\/v2\/media\/4183"}],"wp:attachment":[{"href":"https:\/\/trucks4events.eu\/index.php?rest_route=%2Fwp%2Fv2%2Fmedia&parent=4181"}],"wp:term":[{"taxonomy":"product_brand","embeddable":true,"href":"https:\/\/trucks4events.eu\/index.php?rest_route=%2Fwp%2Fv2%2Fproduct_brand&post=4181"},{"taxonomy":"product_cat","embeddable":true,"href":"https:\/\/trucks4events.eu\/index.php?rest_route=%2Fwp%2Fv2%2Fproduct_cat&post=4181"},{"taxonomy":"product_tag","embeddable":true,"href":"https:\/\/trucks4events.eu\/index.php?rest_route=%2Fwp%2Fv2%2Fproduct_tag&post=4181"}],"curies":[{"name":"wp","href":"https:\/\/api.w.org\/{rel}","templated":true}]}}